{"id":255,"date":"2018-04-04T15:40:48","date_gmt":"2018-04-04T13:40:48","guid":{"rendered":"http:\/\/bnpiomt.cluster031.hosting.ovh.net\/?page_id=255"},"modified":"2022-01-03T15:39:35","modified_gmt":"2022-01-03T14:39:35","slug":"uslugi","status":"publish","type":"page","link":"https:\/\/vorano.com.pl\/index.php\/uslugi\/","title":{"rendered":"Us\u0142ugi"},"content":{"rendered":"<p>[vc_row disable_element=&#8221;yes&#8221;][vc_column width=&#8221;1\/12&#8243; icons_position=&#8221;left&#8221;][\/vc_column][vc_column width=&#8221;10\/12&#8243; icons_position=&#8221;left&#8221;][vc_empty_space height=&#8221;2.7em&#8221; alter_height=&#8221;none&#8221; hide_on_desktop=&#8221;&#8221; hide_on_notebook=&#8221;&#8221; hide_on_tablet=&#8221;&#8221; hide_on_mobile=&#8221;&#8221;][vc_empty_space height=&#8221;2.7em&#8221; alter_height=&#8221;none&#8221; hide_on_desktop=&#8221;&#8221; hide_on_notebook=&#8221;&#8221; hide_on_tablet=&#8221;1&#8243; hide_on_mobile=&#8221;1&#8243;][vc_empty_space height=&#8221;1.6em&#8221; alter_height=&#8221;none&#8221; hide_on_desktop=&#8221;&#8221; hide_on_notebook=&#8221;1&#8243; hide_on_tablet=&#8221;1&#8243; hide_on_mobile=&#8221;1&#8243;]<div id=\"sc_services_613052187\" class=\"sc_services sc_services_light sc_services_featured_top\"><div class=\"sc_services_columns_wrap sc_item_columns sc_item_posts_container sc_item_columns_3 trx_addons_columns_wrap columns_padding_bottom\"><div class=\"trx_addons_column-1_3\"><div class=\"sc_services_item no_links with_content with_icon sc_services_item_featured_top post-506 cpt_services type-cpt_services status-publish has-post-thumbnail hentry cpt_services_group-main\">\n\t<span class=\"sc_services_item_number_top\"> 1<\/span><a href=\"https:\/\/vorano.com.pl\/index.php\/services\/car-diagnostic\/\" id=\"sc_services_613052187_icon-electrical-service_1\"\n\t\t\t\t class=\"sc_services_item_icon sc_icon_type_icons icon-electrical-service\"><\/a>\t\n\t<div class=\"sc_services_item_info\">\n\t\t<div class=\"sc_services_item_header\">\t\t\t<h6 class=\"sc_services_item_title\"><a href=\"https:\/\/vorano.com.pl\/index.php\/services\/car-diagnostic\/\">Car Diagnostic<\/a><\/h6><\/div><div class=\"sc_services_item_content\"><p>Our experts can diagnose your vehicle&#8217;s condition right away<\/p>\n<\/div><\/div>\n<\/div><\/div><div class=\"trx_addons_column-1_3\"><div class=\"sc_services_item no_links with_content with_icon sc_services_item_featured_top post-507 cpt_services type-cpt_services status-publish has-post-thumbnail hentry cpt_services_group-main\">\n\t<span class=\"sc_services_item_number_top\"> 2<\/span><a href=\"https:\/\/vorano.com.pl\/index.php\/services\/repair-service\/\" id=\"sc_services_613052187_icon-suspension-2_2\"\n\t\t\t\t class=\"sc_services_item_icon sc_icon_type_icons icon-suspension-2\"><\/a>\t\n\t<div class=\"sc_services_item_info\">\n\t\t<div class=\"sc_services_item_header\">\t\t\t<h6 class=\"sc_services_item_title\"><a href=\"https:\/\/vorano.com.pl\/index.php\/services\/repair-service\/\">Repair &#038; Service<\/a><\/h6><\/div><div class=\"sc_services_item_content\"><p>We offer all types of services and repair for your automobiles<\/p>\n<\/div><\/div>\n<\/div><\/div><div class=\"trx_addons_column-1_3\"><div class=\"sc_services_item no_links with_content with_icon sc_services_item_featured_top post-508 cpt_services type-cpt_services status-publish has-post-thumbnail hentry cpt_services_group-main\">\n\t<span class=\"sc_services_item_number_top\"> 3<\/span><a href=\"https:\/\/vorano.com.pl\/index.php\/services\/client-transfer\/\" id=\"sc_services_613052187_icon-steering-wheel-1_3\"\n\t\t\t\t class=\"sc_services_item_icon sc_icon_type_icons icon-steering-wheel-1\"><\/a>\t\n\t<div class=\"sc_services_item_info\">\n\t\t<div class=\"sc_services_item_header\">\t\t\t<h6 class=\"sc_services_item_title\"><a href=\"https:\/\/vorano.com.pl\/index.php\/services\/client-transfer\/\">Client Transfer<\/a><\/h6><\/div><div class=\"sc_services_item_content\"><p>We allow client transfer service option in case of emergency<\/p>\n<\/div><\/div>\n<\/div><\/div><\/div><\/div><!-- \/.sc_services -->[vc_empty_space height=&#8221;2.5em&#8221; alter_height=&#8221;none&#8221; hide_on_desktop=&#8221;&#8221; hide_on_notebook=&#8221;&#8221; hide_on_tablet=&#8221;&#8221; hide_on_mobile=&#8221;&#8221;][vc_empty_space height=&#8221;2.8em&#8221; alter_height=&#8221;none&#8221; hide_on_desktop=&#8221;&#8221; hide_on_notebook=&#8221;&#8221; hide_on_tablet=&#8221;1&#8243; hide_on_mobile=&#8221;1&#8243;][vc_empty_space height=&#8221;2em&#8221; alter_height=&#8221;none&#8221; hide_on_desktop=&#8221;&#8221; hide_on_notebook=&#8221;1&#8243; hide_on_tablet=&#8221;1&#8243; hide_on_mobile=&#8221;1&#8243;][\/vc_column][vc_column width=&#8221;1\/12&#8243; icons_position=&#8221;left&#8221;][\/vc_column][\/vc_row][vc_row full_width=&#8221;stretch_row&#8221; content_placement=&#8221;middle&#8221; disable_element=&#8221;yes&#8221; scheme=&#8221;dark&#8221; hide_bg_image_on_tablet=&#8221;&#8221; hide_bg_image_on_mobile=&#8221;&#8221; css=&#8221;.vc_custom_1640818084508{background-color: #493834 !important;}&#8221;][vc_column icons_position=&#8221;left&#8221;][vc_empty_space height=&#8221;4em&#8221; alter_height=&#8221;none&#8221; hide_on_desktop=&#8221;&#8221; hide_on_notebook=&#8221;&#8221; hide_on_tablet=&#8221;&#8221; hide_on_mobile=&#8221;&#8221;][vc_empty_space height=&#8221;2.4em&#8221; alter_height=&#8221;none&#8221; hide_on_desktop=&#8221;&#8221; hide_on_notebook=&#8221;&#8221; hide_on_tablet=&#8221;1&#8243; hide_on_mobile=&#8221;1&#8243;][vc_empty_space height=&#8221;2em&#8221; alter_height=&#8221;none&#8221; hide_on_desktop=&#8221;&#8221; hide_on_notebook=&#8221;1&#8243; hide_on_tablet=&#8221;1&#8243; hide_on_mobile=&#8221;1&#8243;]<div id=\"sc_title_615218356\"\r\n\t\tclass=\"sc_title scheme_dark sc_title_default\"><h2 class=\"sc_item_title sc_title_title sc_align_center sc_item_title_style_default\">Company's Services Overview<\/h2><div class=\"sc_item_descr sc_title_descr sc_align_center\"><p>We are one of the leading auto repair companies.<\/p>\n<\/div><\/div><!-- \/.sc_title -->[vc_empty_space height=&#8221;0.6em&#8221; alter_height=&#8221;none&#8221; hide_on_desktop=&#8221;&#8221; hide_on_notebook=&#8221;&#8221; hide_on_tablet=&#8221;&#8221; hide_on_mobile=&#8221;&#8221;][\/vc_column][vc_column width=&#8221;1\/3&#8243; icons_position=&#8221;left&#8221;][vc_empty_space height=&#8221;1.8em&#8221; alter_height=&#8221;none&#8221; hide_on_desktop=&#8221;&#8221; hide_on_notebook=&#8221;&#8221; hide_on_tablet=&#8221;&#8221; hide_on_mobile=&#8221;&#8221;]<div id=\"sc_services_194334389\" class=\"sc_services sc_services_light sc_services_featured_left\"><div class=\"sc_services_content sc_item_content sc_item_posts_container sc_item_columns_1\"><div class=\"sc_services_item no_links with_content with_icon sc_services_item_featured_left post-254 cpt_services type-cpt_services status-publish has-post-thumbnail hentry\">\n\t<a href=\"https:\/\/vorano.com.pl\/index.php\/services\/uklad-hamulcowy\/\" id=\"sc_services_194334389_icon-disc-brake_1\"\n\t\t\t\t class=\"sc_services_item_icon sc_icon_type_icons icon-disc-brake\"><\/a>\t\n\t<div class=\"sc_services_item_info\">\n\t\t<div class=\"sc_services_item_header\">\t\t\t<h6 class=\"sc_services_item_title\"><a href=\"https:\/\/vorano.com.pl\/index.php\/services\/uklad-hamulcowy\/\">Uk\u0142ad hamulcowy<\/a><\/h6><\/div><div class=\"sc_services_item_content\"><p>A regular brake system checkup can save your vehicle&#8217;s general condition.<\/p>\n<\/div><div class=\"sc_services_item_button sc_item_button\"><a href=\"https:\/\/vorano.com.pl\/index.php\/services\/uklad-hamulcowy\/\" class=\"sc_button sc_button_simple\">Read more<\/a><\/div><\/div>\n<\/div><div class=\"sc_services_item no_links with_content with_icon sc_services_item_featured_left post-253 cpt_services type-cpt_services status-publish has-post-thumbnail hentry\">\n\t<a href=\"https:\/\/vorano.com.pl\/index.php\/services\/serwis-klimatyzacji\/\" id=\"sc_services_194334389_icon-generator_2\"\n\t\t\t\t class=\"sc_services_item_icon sc_icon_type_icons icon-generator\"><\/a>\t\n\t<div class=\"sc_services_item_info\">\n\t\t<div class=\"sc_services_item_header\">\t\t\t<h6 class=\"sc_services_item_title\"><a href=\"https:\/\/vorano.com.pl\/index.php\/services\/serwis-klimatyzacji\/\">Serwis klimatyzacji<\/a><\/h6><\/div><div class=\"sc_services_item_content\"><p>Make sure that tires, tire air, springs, shock absorbers and linkages are OK.<\/p>\n<\/div><div class=\"sc_services_item_button sc_item_button\"><a href=\"https:\/\/vorano.com.pl\/index.php\/services\/serwis-klimatyzacji\/\" class=\"sc_button sc_button_simple\">Read more<\/a><\/div><\/div>\n<\/div><div class=\"sc_services_item no_links with_content with_icon sc_services_item_featured_left post-251 cpt_services type-cpt_services status-publish has-post-thumbnail hentry\">\n\t<a href=\"https:\/\/vorano.com.pl\/index.php\/services\/wymiana-oleju\/\" id=\"sc_services_194334389_icon-car-parts_3\"\n\t\t\t\t class=\"sc_services_item_icon sc_icon_type_icons icon-car-parts\"><\/a>\t\n\t<div class=\"sc_services_item_info\">\n\t\t<div class=\"sc_services_item_header\">\t\t\t<h6 class=\"sc_services_item_title\"><a href=\"https:\/\/vorano.com.pl\/index.php\/services\/wymiana-oleju\/\">Wymiana oleju<\/a><\/h6><\/div><div class=\"sc_services_item_content\"><p>Efficient and small-scale, this engine can give about 1000 horsepower.<\/p>\n<\/div><div class=\"sc_services_item_button sc_item_button\"><a href=\"https:\/\/vorano.com.pl\/index.php\/services\/wymiana-oleju\/\" class=\"sc_button sc_button_simple\">Read more<\/a><\/div><\/div>\n<\/div><\/div><\/div><!-- \/.sc_services -->[vc_empty_space height=&#8221;1em&#8221; alter_height=&#8221;none&#8221; hide_on_desktop=&#8221;&#8221; hide_on_notebook=&#8221;&#8221; hide_on_tablet=&#8221;&#8221; hide_on_mobile=&#8221;&#8221;][\/vc_column][vc_column width=&#8221;1\/3&#8243; icons_position=&#8221;left&#8221;][vc_single_image image=&#8221;257&#8243; img_size=&#8221;full&#8221; alignment=&#8221;center&#8221;][\/vc_column][vc_column width=&#8221;1\/3&#8243; icons_position=&#8221;left&#8221;][vc_empty_space height=&#8221;1.8em&#8221; alter_height=&#8221;none&#8221; hide_on_desktop=&#8221;&#8221; hide_on_notebook=&#8221;&#8221; hide_on_tablet=&#8221;&#8221; hide_on_mobile=&#8221;&#8221;]<div id=\"sc_services_1934587373\" class=\"sc_services sc_services_light sc_services_featured_right\"><div class=\"sc_services_content sc_item_content sc_item_posts_container sc_item_columns_1\"><div class=\"sc_services_item no_links with_content with_icon sc_services_item_featured_right post-250 cpt_services type-cpt_services status-publish has-post-thumbnail hentry\">\n\t<a href=\"https:\/\/vorano.com.pl\/index.php\/services\/geometria\/\" id=\"sc_services_1934587373_icon-steering-wheel_1\"\n\t\t\t\t class=\"sc_services_item_icon sc_icon_type_icons icon-steering-wheel\"><\/a>\t\n\t<div class=\"sc_services_item_info\">\n\t\t<div class=\"sc_services_item_header\">\t\t\t<h6 class=\"sc_services_item_title\"><a href=\"https:\/\/vorano.com.pl\/index.php\/services\/geometria\/\">Geometria k\u00f3\u0142 3D<\/a><\/h6><\/div><div class=\"sc_services_item_content\"><p>Belts and hoses withstand a lot of pressure and wear out easily.<\/p>\n<\/div><div class=\"sc_services_item_button sc_item_button\"><a href=\"https:\/\/vorano.com.pl\/index.php\/services\/geometria\/\" class=\"sc_button sc_button_simple\">Read more<\/a><\/div><\/div>\n<\/div><div class=\"sc_services_item no_links with_content with_icon sc_services_item_featured_right post-249 cpt_services type-cpt_services status-publish has-post-thumbnail hentry\">\n\t<a href=\"https:\/\/vorano.com.pl\/index.php\/services\/diagnostyka\/\" id=\"sc_services_1934587373_icon-electrical-service_2\"\n\t\t\t\t class=\"sc_services_item_icon sc_icon_type_icons icon-electrical-service\"><\/a>\t\n\t<div class=\"sc_services_item_info\">\n\t\t<div class=\"sc_services_item_header\">\t\t\t<h6 class=\"sc_services_item_title\"><a href=\"https:\/\/vorano.com.pl\/index.php\/services\/diagnostyka\/\">Diagnostyka komputerowa<\/a><\/h6><\/div><div class=\"sc_services_item_content\"><p>Wheels are one of the most important parts of your vehicle in general.<\/p>\n<\/div><div class=\"sc_services_item_button sc_item_button\"><a href=\"https:\/\/vorano.com.pl\/index.php\/services\/diagnostyka\/\" class=\"sc_button sc_button_simple\">Read more<\/a><\/div><\/div>\n<\/div><div class=\"sc_services_item no_links with_content with_icon sc_services_item_featured_right post-246 cpt_services type-cpt_services status-publish has-post-thumbnail hentry\">\n\t<a href=\"https:\/\/vorano.com.pl\/index.php\/services\/opony\/\" id=\"sc_services_1934587373_icon-box_3\"\n\t\t\t\t class=\"sc_services_item_icon sc_icon_type_icons icon-box\"><\/a>\t\n\t<div class=\"sc_services_item_info\">\n\t\t<div class=\"sc_services_item_header\">\t\t\t<h6 class=\"sc_services_item_title\"><a href=\"https:\/\/vorano.com.pl\/index.php\/services\/opony\/\">Opony i przechowalnia<\/a><\/h6><\/div><div class=\"sc_services_item_content\"><p>Electrical system is an essential part of any modern vehicle.<\/p>\n<\/div><div class=\"sc_services_item_button sc_item_button\"><a href=\"https:\/\/vorano.com.pl\/index.php\/services\/opony\/\" class=\"sc_button sc_button_simple\">Read more<\/a><\/div><\/div>\n<\/div><\/div><\/div><!-- \/.sc_services -->[vc_empty_space height=&#8221;1em&#8221; alter_height=&#8221;none&#8221; hide_on_desktop=&#8221;&#8221; hide_on_notebook=&#8221;&#8221; hide_on_tablet=&#8221;&#8221; hide_on_mobile=&#8221;&#8221;][\/vc_column][vc_column icons_position=&#8221;left&#8221;][vc_empty_space height=&#8221;3em&#8221; alter_height=&#8221;none&#8221; hide_on_desktop=&#8221;&#8221; hide_on_notebook=&#8221;&#8221; hide_on_tablet=&#8221;&#8221; hide_on_mobile=&#8221;&#8221;][vc_empty_space height=&#8221;2em&#8221; alter_height=&#8221;none&#8221; hide_on_desktop=&#8221;&#8221; hide_on_notebook=&#8221;&#8221; hide_on_tablet=&#8221;1&#8243; hide_on_mobile=&#8221;1&#8243;][vc_empty_space height=&#8221;2em&#8221; alter_height=&#8221;none&#8221; hide_on_desktop=&#8221;&#8221; hide_on_notebook=&#8221;1&#8243; hide_on_tablet=&#8221;1&#8243; hide_on_mobile=&#8221;1&#8243;][\/vc_column][\/vc_row][vc_row full_width=&#8221;stretch_row_content_no_spaces&#8221; disable_element=&#8221;yes&#8221;][vc_column icons_position=&#8221;left&#8221;]<div id=\"sc_services_1850567437\" class=\"sc_services sc_services_hover sc_services_featured_top\"><div class=\"sc_services_columns_wrap sc_item_columns sc_item_posts_container sc_item_columns_4 trx_addons_columns_wrap columns_padding_bottom no_margin\"><div class=\"trx_addons_column-1_4 \"><div class=\"sc_services_item no_links with_content with_image sc_services_item_featured_none post-267 cpt_services type-cpt_services status-publish has-post-thumbnail hentry cpt_services_group-features\">\n\t<div class=\"sc_services_item_header \" style=\"background-image: url(https:\/\/vorano.com.pl\/wp-content\/uploads\/2018\/04\/service-4-copyright-760x590.jpg);\">\n\t\t<div class=\"sc_services_item_header_inner\">\n\n\t\t\t<h6 class=\"sc_services_item_title\"><a href=\"https:\/\/vorano.com.pl\/index.php\/services\/mobile-road-help\/\">Mobile Road Help<\/a><\/h6>\n\n                    <div class=\"sc_services_item_text\"><p>Fast Road Help<\/p>\n<\/div>\n            <\/div><a class=\"sc_services_item_link\" href=\"https:\/\/vorano.com.pl\/index.php\/services\/mobile-road-help\/\"><\/a><\/div><\/div><\/div><div class=\"trx_addons_column-1_4 \"><div class=\"sc_services_item no_links with_content with_image sc_services_item_featured_none post-266 cpt_services type-cpt_services status-publish has-post-thumbnail hentry cpt_services_group-features\">\n\t<div class=\"sc_services_item_header \" style=\"background-image: url(https:\/\/vorano.com.pl\/wp-content\/uploads\/2018\/04\/service-3-copyright-760x590.jpg);\">\n\t\t<div class=\"sc_services_item_header_inner\">\n\n\t\t\t<h6 class=\"sc_services_item_title\"><a href=\"https:\/\/vorano.com.pl\/index.php\/services\/car-customization\/\">Car Customization<\/a><\/h6>\n\n                    <div class=\"sc_services_item_text\"><p>Interior and Exterior<\/p>\n<\/div>\n            <\/div><a class=\"sc_services_item_link\" href=\"https:\/\/vorano.com.pl\/index.php\/services\/car-customization\/\"><\/a><\/div><\/div><\/div><div class=\"trx_addons_column-1_4 \"><div class=\"sc_services_item no_links with_content with_image sc_services_item_featured_none post-265 cpt_services type-cpt_services status-publish has-post-thumbnail hentry cpt_services_group-features\">\n\t<div class=\"sc_services_item_header \" style=\"background-image: url(https:\/\/vorano.com.pl\/wp-content\/uploads\/2018\/04\/service-2-copyright-760x590.jpg);\">\n\t\t<div class=\"sc_services_item_header_inner\">\n\n\t\t\t<h6 class=\"sc_services_item_title\"><a href=\"https:\/\/vorano.com.pl\/index.php\/services\/express-auto-repair\/\">Express Auto Repair<\/a><\/h6>\n\n                    <div class=\"sc_services_item_text\"><p>Quick and Reliable<\/p>\n<\/div>\n            <\/div><a class=\"sc_services_item_link\" href=\"https:\/\/vorano.com.pl\/index.php\/services\/express-auto-repair\/\"><\/a><\/div><\/div><\/div><div class=\"trx_addons_column-1_4 \"><div class=\"sc_services_item no_links with_content with_image sc_services_item_featured_none post-260 cpt_services type-cpt_services status-publish has-post-thumbnail hentry cpt_services_group-features\">\n\t<div class=\"sc_services_item_header \" style=\"background-image: url(https:\/\/vorano.com.pl\/wp-content\/uploads\/2018\/04\/service-1-copyright-760x590.jpg);\">\n\t\t<div class=\"sc_services_item_header_inner\">\n\n\t\t\t<h6 class=\"sc_services_item_title\"><a href=\"https:\/\/vorano.com.pl\/index.php\/services\/maintenance-service\/\">Maintenance Service<\/a><\/h6>\n\n                    <div class=\"sc_services_item_text\"><p>Professional Car Care<\/p>\n<\/div>\n            <\/div><a class=\"sc_services_item_link\" href=\"https:\/\/vorano.com.pl\/index.php\/services\/maintenance-service\/\"><\/a><\/div><\/div><\/div><\/div><\/div><!-- \/.sc_services -->[vc_empty_space height=&#8221;4em&#8221; alter_height=&#8221;none&#8221; hide_on_desktop=&#8221;&#8221; hide_on_notebook=&#8221;&#8221; hide_on_tablet=&#8221;&#8221; hide_on_mobile=&#8221;&#8221;][vc_empty_space height=&#8221;3em&#8221; alter_height=&#8221;none&#8221; hide_on_desktop=&#8221;&#8221; hide_on_notebook=&#8221;&#8221; hide_on_tablet=&#8221;1&#8243; hide_on_mobile=&#8221;1&#8243;][vc_empty_space height=&#8221;2.4em&#8221; alter_height=&#8221;none&#8221; hide_on_desktop=&#8221;&#8221; hide_on_notebook=&#8221;1&#8243; hide_on_tablet=&#8221;1&#8243; hide_on_mobile=&#8221;1&#8243;][\/vc_column][\/vc_row][vc_row][vc_column icons_position=&#8221;left&#8221;][vc_empty_space height=&#8221;2.4em&#8221; alter_height=&#8221;none&#8221; hide_on_desktop=&#8221;&#8221; hide_on_notebook=&#8221;1&#8243; hide_on_tablet=&#8221;1&#8243; hide_on_mobile=&#8221;1&#8243;][vc_empty_space height=&#8221;2.4em&#8221; alter_height=&#8221;none&#8221; hide_on_desktop=&#8221;&#8221; hide_on_notebook=&#8221;1&#8243; hide_on_tablet=&#8221;1&#8243; hide_on_mobile=&#8221;1&#8243;][\/vc_column][vc_column width=&#8221;5\/12&#8243; icons_position=&#8221;left&#8221;]<div id=\"sc_title_204542470\"\r\n\t\tclass=\"sc_title sc_title_default\"><h2 class=\"sc_item_title sc_title_title sc_align_left sc_item_title_style_default\">Oferowane us\u0142ugi<\/h2><\/div><!-- \/.sc_title -->[vc_empty_space height=&#8221;1.7em&#8221; alter_height=&#8221;none&#8221; hide_on_desktop=&#8221;&#8221; hide_on_notebook=&#8221;&#8221; hide_on_tablet=&#8221;&#8221; hide_on_mobile=&#8221;&#8221;][vc_column_text]Nasz warsztat wykonuje us\u0142ugi w zakresie:<\/p>\n<ul>\n<li>serwis\u00f3w olejowych<\/li>\n<li>naprawy uk\u0142ad\u00f3w hamulcowych<\/li>\n<li>naprawy zawiesze\u0144<\/li>\n<li>naprawy silnik\u00f3w<\/li>\n<li>naprawy uk\u0142ad\u00f3w kierowniczych<\/li>\n<li>naprawy uk\u0142ad\u00f3w nap\u0119dowych<\/li>\n<li>serwisu klimatyzacji<\/li>\n<li>diagnostyki komputerowej<\/li>\n<li>geometrii k\u00f3\u0142 3d<\/li>\n<li>wulkanizacji<\/li>\n<li>wymiany opon + wywa\u017cania<\/li>\n<li>przechowalni opon<\/li>\n<\/ul>\n<p>[\/vc_column_text][vc_empty_space height=&#8221;2.5em&#8221; alter_height=&#8221;none&#8221; hide_on_desktop=&#8221;&#8221; hide_on_notebook=&#8221;&#8221; hide_on_tablet=&#8221;&#8221; hide_on_mobile=&#8221;&#8221;][\/vc_column][vc_column width=&#8221;7\/12&#8243; fix_column=&#8221;&#8221; hide_bg_image_on_tablet=&#8221;&#8221; hide_bg_image_on_mobile=&#8221;&#8221; icons_position=&#8221;left&#8221; css=&#8221;.vc_custom_1640858515492{margin-top: 50px !important;}&#8221;][vc_single_image image=&#8221;1180&#8243; img_size=&#8221;full&#8221; alignment=&#8221;right&#8221;][vc_empty_space height=&#8221;2.5em&#8221; alter_height=&#8221;none&#8221; hide_on_desktop=&#8221;&#8221; hide_on_notebook=&#8221;&#8221; hide_on_tablet=&#8221;&#8221; hide_on_mobile=&#8221;&#8221;][\/vc_column][\/vc_row]<\/p>\n","protected":false},"excerpt":{"rendered":"<p>[vc_row disable_element=&#8221;yes&#8221;][vc_column width=&#8221;1\/12&#8243; icons_position=&#8221;left&#8221;][\/vc_column][vc_column width=&#8221;10\/12&#8243; icons_position=&#8221;left&#8221;][vc_empty_space height=&#8221;2.7em&#8221; alter_height=&#8221;none&#8221; hide_on_desktop=&#8221;&#8221; hide_on_notebook=&#8221;&#8221; hide_on_tablet=&#8221;&#8221; hide_on_mobile=&#8221;&#8221;][vc_empty_space height=&#8221;2.7em&#8221; alter_height=&#8221;none&#8221; hide_on_desktop=&#8221;&#8221; hide_on_notebook=&#8221;&#8221; hide_on_tablet=&#8221;1&#8243; hide_on_mobile=&#8221;1&#8243;][vc_empty_space height=&#8221;1.6em&#8221; alter_height=&#8221;none&#8221; hide_on_desktop=&#8221;&#8221; hide_on_notebook=&#8221;1&#8243; hide_on_tablet=&#8221;1&#8243; hide_on_mobile=&#8221;1&#8243;][vc_empty_space height=&#8221;2.5em&#8221;&hellip;<\/p>\n","protected":false},"author":1,"featured_media":0,"parent":0,"menu_order":0,"comment_status":"closed","ping_status":"closed","template":"","meta":[],"_links":{"self":[{"href":"https:\/\/vorano.com.pl\/index.php\/wp-json\/wp\/v2\/pages\/255"}],"collection":[{"href":"https:\/\/vorano.com.pl\/index.php\/wp-json\/wp\/v2\/pages"}],"about":[{"href":"https:\/\/vorano.com.pl\/index.php\/wp-json\/wp\/v2\/types\/page"}],"author":[{"embeddable":true,"href":"https:\/\/vorano.com.pl\/index.php\/wp-json\/wp\/v2\/users\/1"}],"replies":[{"embeddable":true,"href":"https:\/\/vorano.com.pl\/index.php\/wp-json\/wp\/v2\/comments?post=255"}],"version-history":[{"count":11,"href":"https:\/\/vorano.com.pl\/index.php\/wp-json\/wp\/v2\/pages\/255\/revisions"}],"predecessor-version":[{"id":1215,"href":"https:\/\/vorano.com.pl\/index.php\/wp-json\/wp\/v2\/pages\/255\/revisions\/1215"}],"wp:attachment":[{"href":"https:\/\/vorano.com.pl\/index.php\/wp-json\/wp\/v2\/media?parent=255"}],"curies":[{"name":"wp","href":"https:\/\/api.w.org\/{rel}","templated":true}]}}